-3 - (-237)/r composite?
False
Suppose 7*p + 279 - 216 = 0. Let n(q) = -42*q + 7 + 9 + 3. Is n(p) a prime number?
True
Let p(h) = 3*h**2 + 10*h + 9. Let y be (-21)/(-12) + -2 - 46/8. Is p(y) composite?
True
Suppose -6*v = -16*v + 6890. Is v composite?
True
Suppose -g = 4*t + 2*g - 168, 3*t + 5*g = 137. Let i = -3 - -27. Let d = t - i. Is d composite?
True
Let o(p) = 7*p**3 - 4*p**2 - 2*p + 2. Let a = -23 + 11. Let i = -9 - a. Is o(i) composite?
False
Suppose 30330 = r + c, -2*c + 0*c + 30325 = r. Is r composite?
True
Let m be (34/(-4))/(-1 - (-1)/2). Suppose m*n - 1269 = 1009. Is n prime?
False
Suppose 0 = 2*c - 9 + 23. Let g = 978 - c. Is g composite?
True
Let b(j) be the third derivative of 3*j**5/20 - 5*j**4/24 + 7*j**3/2 + j**2. Is b(7) a prime number?
False
Suppose 41*f - 720 = 4897. Suppose 0 = 4*r - 3*y - 1119, 2*y + 771 - 213 = 2*r. Let p = f + r. Is p a prime number?
True
Let x = -20 + -10. Let l = x - -45. Is ((-10)/l)/((-2)/66) prime?
False
Is (4373970/12)/((-65)/(-26)) prime?
True
Let t(n) be the first derivative of 88*n**3/3 + 8*n**2 + 7*n + 5. Is t(6) prime?
True
Let p = 14243 + -9324. Is p a prime number?
True
Let o = 14571 - 6018. Is o composite?
True
Suppose 2326 = 17*m - 15*m. Let s = m - 276. Is s composite?
False
Let f be (-3)/(-6)*(4 + -2). Let k(g) = 22*g + 2 - 21*g + 0*g**2 + f + 2*g**2. Is k(-4) a prime number?
True
Let o = -9562 + 13973. Is o a prime number?
False
Let r = 6624 - 2911. Is r a composite number?
True
Let f be (-32670)/50 + (-2)/(-5). Let i = 1125 + f. Suppose -4*r + 4*x = -i, -3*x + 599 = 5*r + x. Is r a prime number?
False
Let j = 19 - 13. Let o = -10 + 6. Is (-118)/o*(-4 + j) a composite number?
False
Suppose -3*t + 1297 = 3*m - m, -m - 4*t + 661 = 0. Is m prime?
True
Let u be (-1 + 2)*81/9. Is (-3)/((-108)/17524) - (-2)/u a prime number?
True
Let m = -313 - 6906. Let t = -5103 - m. Suppose -5*d + t = -d. Is d composite?
True
Let v(h) = h**2 - h + 1. Let t be v(-3). Let f(d) = t + 4 + 0 - d**2 + 13*d. Is f(14) prime?
True
Let l(g) = -g**3 - 5*g - 18. Let w be l(-14). Let i = w + -1700. Suppose 303 = t - i. Is t a composite number?
False
Let o = -1 + 3. Suppose 0 = -h + 6*h - 25, -o*r - 4*h = -30. Suppose -3370 = -r*m - 3*j, 5*j = m - 518 - 184. Is m a composite number?
False
Let u(x) = 27*x**3 + 5*x**2 + 12*x - 3. Is u(7) prime?
True
Let y = -5788 - -9387. Is y a prime number?
False
Let v(u) be the first derivative of 215*u**3 - u + 4. Let m be v(1). Let i = -327 + m. Is i composite?
False
Let w(n) = n + 6. Let v be w(-3). Suppose h = -b - 2, 0 = 5*h + v*b - 2*b + 2. Suppose 0*p + x = 2*p - 104, p + x - 55 = h. Is p prime?
True
Let i(t) = 173*t**2 - 4*t + 5. Suppose 4*b + 6 = 2. Let n be (-20)/(-8) - b/(-2). Is i(n) a composite number?
True
Let c(n) be the third derivative of n**5/60 + n**4/8 - 5*n**2. Let p be c(-4). Is (2/p)/(4/1016) a composite number?
False
Is 4034*(7 + -7 + 1) composite?
True
Let a(x) = -x**2 + 10*x + 15. Suppose 2*r + w = 23, 5*r = r - 3*w + 47. Let c be a(r). Is (-50)/(-15)*222/c prime?
False
Let f = 32052 - 18799. Is f composite?
True
Suppose -61636 = -5*q + 2*z + 5*z, 12 = -4*z. Is q prime?
True
Suppose c = -3*t + 6*c + 28, -4*t + 4*c + 32 = 0. Suppose -142 = -t*g + 4*g. Let b = g + -40. Is b a prime number?
True
Let o = 2895 - 1700. Is o a prime number?
False
Let k = 565 - 374. Is k prime?
True
Let l = -88 - -85. Is 492 - (-4)/(-12)*l a composite number?
True
Let j be (-6)/9*(-51)/2. Suppose 0 = -5*g - 4*z + 433, -j = 5*z - 2. Is g composite?
False
Suppose 7*g = 2*g - 4*f + 6843, 4*g - 5462 = 3*f. Is g composite?
False
Let s be (-4)/14 + (-27)/(-21). Let q(k) = 76*k**2 + 3*k - 2. Is q(s) a composite number?
True
Suppose -2043 - 12736 = -3*o - 5*l, -5*l = o - 4943. Is o composite?
True
Let a = -132 - -136. Is 165740/100 + a/(-10) a composite number?
False
Let r(x) = -3*x**3 + 11*x**2 + 10*x - 26. Is r(-9) a prime number?
False
Let q(j) = 12842*j - 189. Is q(2) a prime number?
False
Let t be (-2)/2*(-4 + 1). Suppose 4*h + 2*o - 152 = t*o, 3*o = h - 49. Is h a prime number?
True
Let y be (-3 + 3 - 0)*1. Suppose y = -3*a + 8*a. Suppose g = -b + 145, a*g + 4*g = b - 165. Is b a prime number?
True
Suppose 0*o + 8 = 4*o. Suppose -3*s - z + 173 = -5*z, -279 = -5*s + o*z. Is s a prime number?
False
Let z be -3*(-421)/6*2. Suppose -2*m + 1689 = -z. Suppose 1 = -i, -4*s - 5*i + m = -0*s. Is s prime?
False
Suppose -2*z = -5*s - 4*z + 16, -14 = -s + 5*z. Suppose -l + 0*l = -s*v - 1353, 4*v - 6813 = -5*l. Is l prime?
True
Is 71*30 - 3 - (-10)/5 a prime number?
True
Suppose 9224 = 2*f + 1960. Let u = f + -1579. Is u composite?
False
Let g be ((-344)/(-5))/(68/170). Suppose -185 - g = -3*v. Is v prime?
False
Suppose 0 = -4*d - 5*s + 9228, 2*d - 6*d + 9228 = -2*s. Let k = d + -638. Is k a composite number?
False
Let a be 18*((-36)/(-8) - 4). Suppose -a*h + 11460 = -5*h. Is h/(-60)*4/(-1) prime?
True
Suppose -3716 = -5*t + 4*z + 3287, -4*t - 2*z + 5592 = 0. Is t a composite number?
False
Let l be 4*21 + (8 - 7). Suppose 5*w = 4*z + l, -w - 3*z = -3*w + 41. Suppose -2*q - 31 = -c, -106 = -3*c + 2*q - w. Is c a composite number?
False
Let z(n) = -61*n**2 - 5*n + 4. Let l(j) = j + 1. Let p(x) = -l(x) - z(x). Is p(2) a prime number?
False
Is (408/(-36) - -12)/(4/121362) composite?
True
Suppose -2*d = g - 25809, 126*d - 121*d - 103251 = -4*g. Is g composite?
False
Let x = 100131 - 44162. Is x composite?
True
Suppose 5*g + 4*g = 36. Is 1796 - (-4)/(g/5) prime?
True
Suppose 0 = -3*p + 12226 + 15293. Is p prime?
True
Let h = 698 - 134. Suppose 2*z - 165 = -3*m, 5*m - z = 296 - 21. Let w = h - m. Is w a prime number?
True
Let s = 191 + 598. Is s prime?
False
Let u(n) = -27*n**2 - 43*n - 11. Let j(x) = 14*x**2 + 21*x + 5. Let h(z) = 7*j(z) + 3*u(z). Is h(5) a composite number?
True
Let u = -1752 - 97. Let c = -1080 - u. Is c prime?
True
Let r = -33 + 20. Let n = 25 + r. Suppose 0 = -s - 3*j + 10, 2*s - 20 = -2*j + n. Is s composite?
False
Suppose -2*y - 46 = 4*h, 4*y + 5*h = h - 72. Let s be (-11 - y)*(-78)/(-4). Is 37173/s + (-2)/13 prime?
True
Suppose 31*w - 371672 = -25*w. Is w a prime number?
True
Is (-24)/54 + (-3777914)/(-126) composite?
False
Let x(c) = 7*c**2 - 4*c - 1. Let v = 37 - 13. Let g = -20 + v. Is x(g) prime?
False
Suppose 0*m + 112458 = 6*m. Is m a composite number?
False
Let k(f) = 2*f**2 - 26*f + 114. Is k(-22) composite?
True
Let q(b) = b**3 + 16*b**2 + 2*b - 7. Let d be q(-11). Suppose 11*g - 6*g = 2*l - d, -2 = -g. Is l a prime number?
True
Let r = -5198 + 13369. Is r composite?
False
Suppose -3*f + 1815 = -2*s + 69, f = 3*s + 575. Let m(r) = -251*r + 4. Let i be m(1). Let w = i + f. Is w a prime number?
True
Let c(b) = -b**3 - 35*b**2 + 85*b + 18. Is c(-39) a prime number?
False
Let r(b) = -1650*b + 578. Is r(-10) a prime number?
False
Suppose 0 = -12*h + 7*h - 5*t + 17755, -3*h + 4*t + 10625 = 0. Is h prime?
True
Let x(o) = -o**3 + 47*o**2 - 62*o - 93. Is x(41) prime?
True
Let k(v) = -v**3 + 6*v**2 - 5*v + 9. Let z be k(5). Suppose -3*n = -z, 3*n = -w + 54 + 206. Is w a prime number?
True
Suppose y + 84 = 2*i, -2*y = 2*y - 4*i + 348. Let u = y - -291. Is u composite?
True
Let c(u) = u**3 - 8*u**2 - 9*u. Let i be c(9). Suppose i = b + 253 + 41. Is -1 - (b + 0/(-2)) prime?
True
Suppose 14*m = -3*b + 16*m + 7977, 0 = -2*b - m + 5311. Is b composite?
False
Suppose -2*r = x - 17, 19 + 2 = 2*r + 5*x. Suppose -110 = -r*m + 546. Is m composite?
True
Is (-5 - -10) + 930 + 2 composite?
False
Suppose -3*c - 3292 = -g + 2*c, g + 2*c - 3299 = 0. Let v = -2270 + g. Is v a prime number?
False
Let i(u) = 1539*u - 698. Is i(5) composite?
False
Is (-216148)/8*2*(-9 - -8) a prime number?
True
Let o(l) = 4*l**3 + 47*l**2 - l - 2. Let f(d) = 3*d**3 + 31*d**2 - d - 1. Let w(s) = -7*f(s) + 5*o(s). Is w(14) a composite number?
False
Suppose -2*n = -5*n - 6. Is (1/n)/((-3)/726) a prime number?
False
Suppose -7*v = -39 - 38. Suppose -5*k + v*k = 3930. Is k a prime number?
False
Is (-1075319)/(-112) + (-3)/48 a composite number?
False
Let b = 397 + -26. Is b a composite number?
True
Let k = -68 - -72. Suppose -k*d - 1411 = -4487. Is d composite?
False
Suppose p - 1736 = -4*w - w, -6 = -3*w. Is p a composite number?
True
Let m = 165692 + -109123. Is m prime?
True
Let w = 23 - -661. Suppose 5*k + 4*p - 